{"id":45,"date":"2024-04-11T18:07:43","date_gmt":"2024-04-11T18:07:43","guid":{"rendered":"https:\/\/www.horkakemp.cz\/?page_id=45"},"modified":"2025-09-17T08:49:11","modified_gmt":"2025-09-17T06:49:11","slug":"kontakt","status":"publish","type":"page","link":"https:\/\/www.horkakemp.cz\/?page_id=45","title":{"rendered":"Kontakt"},"content":{"rendered":"\n<p class=\"has-medium-font-size\">Tel.: 607 671 078<\/p>\n\n\n\n<p class=\"has-medium-font-size\">Email: horkakemp@gmail.com<\/p>\n\n\n\n<p class=\"has-medium-font-size\">Najdete n\u00e1s na pomez\u00ed Vyso\u010diny a St\u0159edn\u00edch \u010cech v obci&nbsp;<strong>Horka II &#8211; Buda<\/strong>. Kemp se nach\u00e1z\u00ed na lev\u00e9m b\u0159ehu \u0159eky S\u00e1zavy ca 250 m proti proudu od silni\u010dn\u00edho mostu a ca 150 m proti proudu od jezu, v t\u011bsn\u00e9m sousedstv\u00ed vlakov\u00e9 zast\u00e1vky Horka nad S\u00e1zavou. Jsme 2 km proti proudu od Zru\u010de nad S\u00e1zavou a ca 20 km po proudu od Led\u010de nad S\u00e1zavou. Do Kutn\u00e9 Hory to m\u00e1me 31 km, do Prahy 74<\/p>\n\n\n\n<h2 class=\"wp-block-heading\">Otev\u00edrac\u00ed doba recepce<\/h2>\n\n\n\n<p class=\"has-medium-font-size\">Ubytov\u00e1n\u00ed do chatek mo\u017eno i v jin\u00fd \u010das dle domluvy na telefonu<br>607 671 078.<br><\/p>\n\n\n\n<p class=\"has-medium-font-size\">Ubytov\u00e1n\u00ed v chatk\u00e1ch je mo\u017en\u00e9 po 15:00 v den p\u0159\u00edjezdu<br>P\u0159ed\u00e1n\u00ed chatek v den odjezdu&nbsp;do 10:00.<br><\/p>\n\n\n\n<h3 class=\"wp-block-heading\">Kv\u011bten a z\u00e1\u0159\u00ed<\/h3>\n\n\n\n<figure class=\"wp-block-table has-medium-font-size\"><table><tbody><tr><td>Po &#8211; P\u00e1<\/td><td class=\"has-text-align-center\" data-align=\"center\"><\/td><td class=\"has-text-align-center\" data-align=\"center\">18:00 &#8211; 19:00<\/td><\/tr><tr><td>So &#8211; Ne<\/td><td class=\"has-text-align-center\" data-align=\"center\">8:00 \u2013 9:00<\/td><td class=\"has-text-align-center\" data-align=\"center\"> 17:00 \u2013 19:00<\/td><\/tr><\/tbody><\/table><\/figure>\n\n\n\n<h3 class=\"wp-block-heading\">\u010cerven<\/h3>\n\n\n\n<figure class=\"wp-block-table is-style-regular has-medium-font-size\"><table><tbody><tr><td>Po &#8211; \u010ct<\/td><td class=\"has-text-align-center\" data-align=\"center\">8:00 &#8211; 9:00<\/td><td class=\"has-text-align-center\" data-align=\"center\">18:00 &#8211; 19:00<\/td><\/tr><tr><td>P\u00e1<\/td><td class=\"has-text-align-center\" data-align=\"center\">8:00 &#8211; 9:00<\/td><td class=\"has-text-align-center\" data-align=\"center\">16:00 &#8211; 20:00<\/td><\/tr><tr><td>So<\/td><td class=\"has-text-align-center\" data-align=\"center\">8:00 &#8211; 10:00<\/td><td class=\"has-text-align-center\" data-align=\"center\">16:00 &#8211; 20:00<\/td><\/tr><tr><td>Ne<\/td><td class=\"has-text-align-center\" data-align=\"center\">8:00 &#8211; 10:00<\/td><td class=\"has-text-align-center\" data-align=\"center\">18:00 &#8211; 19:00<\/td><\/tr><\/tbody><\/table><\/figure>\n\n\n\n<h3 class=\"wp-block-heading\">\u010cervenec a srpen<\/h3>\n\n\n\n<figure class=\"wp-block-table\"><table><tbody><tr><td>Denn\u011b<\/td><td class=\"has-text-align-center\" data-align=\"center\">8:00 &#8211; 10:00<\/td><td class=\"has-text-align-center\" data-align=\"center\">16:00 &#8211; 20:00<\/td><\/tr><\/tbody><\/table><\/figure>\n\n\n\n<p class=\"has-text-align-center has-large-font-size\">V&nbsp;p\u0159\u00edpad\u011b, \u017ee se chcete ubytovat v&nbsp;jin\u00fd \u010das, volejte 607&nbsp;671&nbsp;078 nebo 777&nbsp;695&nbsp;588.<\/p>\n\n\n\n<p class=\"has-text-align-center has-large-font-size\"><br>Od 28. 9. 2025 do 10. 5. 2026 je kemp mimo provoz &#8211; ubytov\u00e1n\u00ed v tomto obdob\u00ed pouze po telefonick\u00e9 domluv\u011b.\u00a0<\/p>\n\n\n\n<h2 class=\"wp-block-heading\">Mapka kudy k n\u00e1m<\/h2>\n\n\n\n<p class=\"has-medium-font-size\">GPS:&nbsp;49.7385383N, 15.1287253E<br><a href=\"https:\/\/mapy.cz\/s\/gonegenohe\">https:\/\/mapy.cz\/s\/gesuhobelu<\/a><\/p>\n\n\n\n<iframe loading=\"lazy\" style=\"border:none\" src=\"https:\/\/frame.mapy.cz\/s\/jegajalavu\" width=\"700\" height=\"466\" frameborder=\"0\"><\/iframe>\n\n\n\n<h2 class=\"wp-block-heading\">Provozovatel<\/h2>\n\n\n\n<p class=\"has-medium-font-size\">Ing. Jana M\u011bkotov\u00e1<br>Chabe\u0159ice 79<br>285 22<br>I\u010cO: 210 97 933<\/p>\n","protected":false},"excerpt":{"rendered":"<p>Tel.: 607 671 078 Email: horkakemp@gmail.com Najdete n\u00e1s na pomez\u00ed Vyso\u010diny a St\u0159edn\u00edch \u010cech v obci&nbsp;Horka II &#8211; Buda. Kemp se nach\u00e1z\u00ed na lev\u00e9m b\u0159ehu \u0159eky S\u00e1zavy ca 250 m proti proudu od silni\u010dn\u00edho mostu a ca 150 m proti proudu od jezu, v t\u011bsn\u00e9m sousedstv\u00ed vlakov\u00e9 zast\u00e1vky Horka nad S\u00e1zavou. Jsme 2 km proti &hellip; <a href=\"https:\/\/www.horkakemp.cz\/?page_id=45\" class=\"more-link\">Pokra\u010dov\u00e1n\u00ed textu <span class=\"screen-reader-text\">Kontakt<\/span> <span class=\"meta-nav\">&rarr;<\/span><\/a><\/p>\n","protected":false},"author":1,"featured_media":0,"parent":0,"menu_order":0,"comment_status":"closed","ping_status":"closed","template":"","meta":{"footnotes":""},"class_list":["post-45","page","type-page","status-publish","hentry"],"_links":{"self":[{"href":"https:\/\/www.horkakemp.cz\/index.php?rest_route=\/wp\/v2\/pages\/45","targetHints":{"allow":["GET"]}}],"collection":[{"href":"https:\/\/www.horkakemp.cz\/index.php?rest_route=\/wp\/v2\/pages"}],"about":[{"href":"https:\/\/www.horkakemp.cz\/index.php?rest_route=\/wp\/v2\/types\/page"}],"author":[{"embeddable":true,"href":"https:\/\/www.horkakemp.cz\/index.php?rest_route=\/wp\/v2\/users\/1"}],"replies":[{"embeddable":true,"href":"https:\/\/www.horkakemp.cz\/index.php?rest_route=%2Fwp%2Fv2%2Fcomments&post=45"}],"version-history":[{"count":9,"href":"https:\/\/www.horkakemp.cz\/index.php?rest_route=\/wp\/v2\/pages\/45\/revisions"}],"predecessor-version":[{"id":572,"href":"https:\/\/www.horkakemp.cz\/index.php?rest_route=\/wp\/v2\/pages\/45\/revisions\/572"}],"wp:attachment":[{"href":"https:\/\/www.horkakemp.cz\/index.php?rest_route=%2Fwp%2Fv2%2Fmedia&parent=45"}],"curies":[{"name":"wp","href":"https:\/\/api.w.org\/{rel}","templated":true}]}}

<p class="has-medium-font-size">Tel.: 607 671 078</p>



<p class="has-medium-font-size">Email: horkakemp@gmail.com</p>



<p class="has-medium-font-size">Najdete nás na pomezí Vysočiny a Středních Čech v obci&nbsp;<strong>Horka II &#8211; Buda</strong>. Kemp se nachází na levém břehu řeky Sázavy ca 250 m proti proudu od silničního mostu a ca 150 m proti proudu od jezu, v těsném sousedství vlakové zastávky Horka nad Sázavou. Jsme 2 km proti proudu od Zruče nad Sázavou a ca 20 km po proudu od Ledče nad Sázavou. Do Kutné Hory to máme 31 km, do Prahy 74</p>



<h2 class="wp-block-heading">Otevírací doba recepce</h2>



<p class="has-medium-font-size">Ubytování do chatek možno i v jiný čas dle domluvy na telefonu<br>607 671 078.<br></p>



<p class="has-medium-font-size">Ubytování v chatkách je možné po 15:00 v den příjezdu<br>Předání chatek v den odjezdu&nbsp;do 10:00.<br></p>



<h3 class="wp-block-heading">Květen a září</h3>



<figure class="wp-block-table has-medium-font-size"><table><tbody><tr><td>Po &#8211; Pá</td><td class="has-text-align-center" data-align="center"></td><td class="has-text-align-center" data-align="center">18:00 &#8211; 19:00</td></tr><tr><td>So &#8211; Ne</td><td class="has-text-align-center" data-align="center">8:00 – 9:00</td><td class="has-text-align-center" data-align="center"> 17:00 – 19:00</td></tr></tbody></table></figure>



<h3 class="wp-block-heading">Červen</h3>



<figure class="wp-block-table is-style-regular has-medium-font-size"><table><tbody><tr><td>Po &#8211; Čt</td><td class="has-text-align-center" data-align="center">8:00 &#8211; 9:00</td><td class="has-text-align-center" data-align="center">18:00 &#8211; 19:00</td></tr><tr><td>Pá</td><td class="has-text-align-center" data-align="center">8:00 &#8211; 9:00</td><td class="has-text-align-center" data-align="center">16:00 &#8211; 20:00</td></tr><tr><td>So</td><td class="has-text-align-center" data-align="center">8:00 &#8211; 10:00</td><td class="has-text-align-center" data-align="center">16:00 &#8211; 20:00</td></tr><tr><td>Ne</td><td class="has-text-align-center" data-align="center">8:00 &#8211; 10:00</td><td class="has-text-align-center" data-align="center">18:00 &#8211; 19:00</td></tr></tbody></table></figure>



<h3 class="wp-block-heading">Červenec a srpen</h3>



<figure class="wp-block-table"><table><tbody><tr><td>Denně</td><td class="has-text-align-center" data-align="center">8:00 &#8211; 10:00</td><td class="has-text-align-center" data-align="center">16:00 &#8211; 20:00</td></tr></tbody></table></figure>



<p class="has-text-align-center has-large-font-size">V&nbsp;případě, že se chcete ubytovat v&nbsp;jiný čas, volejte 607&nbsp;671&nbsp;078 nebo 777&nbsp;695&nbsp;588.</p>



<p class="has-text-align-center has-large-font-size"><br>Od 28. 9. 2025 do 10. 5. 2026 je kemp mimo provoz &#8211; ubytování v tomto období pouze po telefonické domluvě. </p>



<h2 class="wp-block-heading">Mapka kudy k nám</h2>



<p class="has-medium-font-size">GPS:&nbsp;49.7385383N, 15.1287253E<br><a href="https://mapy.cz/s/gonegenohe">https://mapy.cz/s/gesuhobelu</a></p>



<iframe loading="lazy" style="border:none" src="https://frame.mapy.cz/s/jegajalavu" width="700" height="466" frameborder="0"></iframe>



<h2 class="wp-block-heading">Provozovatel</h2>



<p class="has-medium-font-size">Ing. Jana Měkotová<br>Chabeřice 79<br>285 22<br>IČO: 210 97 933</p>

<p>Tel.: 607 671 078 Email: horkakemp@gmail.com Najdete nás na pomezí Vysočiny a Středních Čech v obci&nbsp;Horka II &#8211; Buda. Kemp se nachází na levém břehu řeky Sázavy ca 250 m proti proudu od silničního mostu a ca 150 m proti proudu od jezu, v těsném sousedství vlakové zastávky Horka nad Sázavou. Jsme 2 km proti &hellip; <a href="https://www.horkakemp.cz/?page_id=45" class="more-link">Pokračování textu <span class="screen-reader-text">Kontakt</span> <span class="meta-nav">&rarr;</span></a></p>
