{"id":52,"date":"2024-04-11T18:47:50","date_gmt":"2024-04-11T18:47:50","guid":{"rendered":"https:\/\/www.horkakemp.cz\/?page_id=52"},"modified":"2024-08-14T14:13:24","modified_gmt":"2024-08-14T12:13:24","slug":"cenik","status":"publish","type":"page","link":"https:\/\/www.horkakemp.cz\/?page_id=52","title":{"rendered":"Cen\u00edk"},"content":{"rendered":"\n<hr class=\"wp-block-separator has-alpha-channel-opacity\"\/>\n\n\n\n<h3 class=\"wp-block-heading has-text-align-center\"><strong>V cel\u00e9m are\u00e1lu kempu je mo\u017en\u00e1 platba pouze v hotovosti, d\u011bkujeme za pochopen\u00ed.<\/strong><\/h3>\n\n\n\n<hr class=\"wp-block-separator has-alpha-channel-opacity\"\/>\n\n\n\n<h2 class=\"wp-block-heading\">Ubytov\u00e1n\u00ed v chati\u010dk\u00e1ch<\/h2>\n\n\n\n<figure class=\"wp-block-table\"><table><tbody><tr><td>Chati\u010dka pro 4 osoby na 1-2 noci<\/td><td class=\"has-text-align-right\" data-align=\"right\">1 000 K\u010d\/noc&nbsp;<\/td><\/tr><tr><td>Chati\u010dka pro 4 osoby na 3 a v\u00edce noc\u00ed<\/td><td class=\"has-text-align-right\" data-align=\"right\">850 K\u010d\/noc<\/td><\/tr><tr><td>Lo\u017en\u00ed pr\u00e1dlo (jednor\u00e1zov\u00fd poplatek)<\/td><td class=\"has-text-align-right\" data-align=\"right\">100 K\u010d\/osobu<\/td><\/tr><tr><td>Parkov\u00e1n\u00ed auta u chati\u010dky<\/td><td class=\"has-text-align-right\" data-align=\"right\">50 K\u010d\/noc<\/td><\/tr><tr><td>Poplatek z pobytu<\/td><td class=\"has-text-align-right\" data-align=\"right\">17 K\u010d\/dosp\u011bl\u00fd\/noc<\/td><\/tr><tr><td>P\u0159\u00edplatek za 5. osobu v chati\u010dce<\/td><td class=\"has-text-align-right\" data-align=\"right\">150 K\u010d\/osoba nad 15 let\/noc<br>100 K\u010d\/d\u00edt\u011b 6-14 let\/noc<\/td><\/tr><\/tbody><\/table><\/figure>\n\n\n\n<h2 class=\"wp-block-heading\">Ubytov\u00e1n\u00ed&nbsp; v kempu (stany, karavany)<\/h2>\n\n\n\n<figure class=\"wp-block-table\"><table><tbody><tr><td>Osoba star\u0161\u00ed 15 let<\/td><td class=\"has-text-align-right\" data-align=\"right\">100 K\u010d\/noc<\/td><\/tr><tr><td>D\u00edt\u011b 6 &#8211; 14 let<\/td><td class=\"has-text-align-right\" data-align=\"right\">70 K\u010d\/noc<\/td><\/tr><tr><td>D\u00edt\u011b do 5 let<\/td><td class=\"has-text-align-right\" data-align=\"right\">zdarma<\/td><\/tr><tr><td>Stan<\/td><td class=\"has-text-align-right\" data-align=\"right\">90 K\u010d\/noc<\/td><\/tr><tr><td>Obytn\u00fd v\u016fz<\/td><td class=\"has-text-align-right\" data-align=\"right\">200 K\u010d\/noc<\/td><\/tr><tr><td>Obytn\u00fd p\u0159\u00edv\u011bs<\/td><td class=\"has-text-align-right\" data-align=\"right\">100 K\u010d\/noc<\/td><\/tr><tr><td>Osobn\u00ed auto (v prostoru pro stanov\u00e1n\u00ed)<\/td><td class=\"has-text-align-right\" data-align=\"right\">100 K\u010d\/noc<\/td><\/tr><tr><td>Motorka (v prostoru pro stanov\u00e1n\u00ed)<\/td><td class=\"has-text-align-right\" data-align=\"right\">70 K\u010d\/noc<\/td><\/tr><tr><td>Elektrick\u00e1 p\u0159\u00edpojka<\/td><td class=\"has-text-align-right\" data-align=\"right\">150 K\u010d\/noc<\/td><\/tr><tr><td>Poplatek z pobytu<\/td><td class=\"has-text-align-right\" data-align=\"right\">17 K\u010d\/dosp\u011bl\u00fd\/noc<\/td><\/tr><tr><td>Nekonfliktn\u00ed psi a jin\u00e1 dom\u00e1c\u00ed zv\u00ed\u0159ata<\/td><td class=\"has-text-align-right\" data-align=\"right\">80 K\u010d\/noc<\/td><\/tr><\/tbody><\/table><\/figure>\n\n\n\n<h2 class=\"wp-block-heading\">Parkov\u00e1n\u00ed (na parkovi\u0161ti u kempu)<\/h2>\n\n\n\n<figure class=\"wp-block-table\"><table><tbody><tr><td>osobn\u00ed auto (parkov\u00e1n\u00ed p\u0159es noc)<\/td><td class=\"has-text-align-right\" data-align=\"right\">50 K\u010d\/noc<\/td><\/tr><tr><td>osobn\u00ed auto (parkov\u00e1n\u00ed pouze p\u0159es den)<\/td><td class=\"has-text-align-right\" data-align=\"right\">20 K\u010d\/noc<\/td><\/tr><tr><td>motorka<\/td><td class=\"has-text-align-right\" data-align=\"right\">20 K\u010d\/noc<\/td><\/tr><tr><td>autobus<\/td><td class=\"has-text-align-right\" data-align=\"right\">150 K\u010d\/noc<\/td><\/tr><tr><td>obytn\u00e9 auto, dod\u00e1vka (na parkovi\u0161ti)<\/td><td class=\"has-text-align-right\" data-align=\"right\">100 K\u010d\/noc<\/td><\/tr><tr><td>p\u0159\u00edv\u011bs, obytn\u00fd p\u0159\u00edv\u011bs (na parkovi\u0161ti)<\/td><td class=\"has-text-align-right\" data-align=\"right\">100 K\u010d\/noc<\/td><\/tr><\/tbody><\/table><\/figure>\n\n\n\n<h2 class=\"wp-block-heading\">Sprchy<\/h2>\n\n\n\n<p class=\"has-medium-font-size\">V kempu se nach\u00e1z\u00ed sprchov\u00e9 automaty na \u017eeton, kter\u00fd se zakupuje v recepci kempu (30 K\u010d\/ks)<\/p>\n\n\n\n<h2 class=\"wp-block-heading\">M\u00edstn\u00ed poplatek z pobytu<\/h2>\n\n\n\n<p>M\u00edstn\u00ed poplatek z pobytu v obci Horka je stanoven na 17 K\u010d za osobu za ka\u017ed\u00fd den pobytu.<\/p>\n\n\n\n<p>Osvobozen\u00e9 od m\u00edstn\u00edho poplatku jsou osoby nevidom\u00e9, bezmocn\u00e9 a osoby s t\u011b\u017ek\u00fdm zdravotn\u00edm posti\u017een\u00edm, kter\u00e9 jsou dr\u017eiteli pr\u016fkazu ZTP\/P a osoby mlad\u0161\u00ed 18 let.<\/p>\n\n\n\n<h2 class=\"wp-block-heading\">Storno poplatky<\/h2>\n\n\n\n<p>Z\u00e1lohy p\u0159edem ve v\u00fd\u0161i 50 % z ceny ubytov\u00e1n\u00ed jsou odes\u00edl\u00e1ny mailem, pop\u0159\u00edpad\u011b po\u0161tou.<br>Tato z\u00e1loha je 14 dn\u00ed p\u0159ed za\u010d\u00e1tkem ubytov\u00e1n\u00ed nevratn\u00e1.<br>Doplatek pobytu je na m\u00edst\u011b p\u0159i p\u0159\u00edjezdu.<br>P\u0159i rezervaci ubytov\u00e1n\u00ed \u201ena posledn\u00ed chv\u00edli\u201c nen\u00ed z\u00e1loha vy\u017eadov\u00e1na.<\/p>\n\n\n\n<p><\/p>\n","protected":false},"excerpt":{"rendered":"<p>V cel\u00e9m are\u00e1lu kempu je mo\u017en\u00e1 platba pouze v hotovosti, d\u011bkujeme za pochopen\u00ed. Ubytov\u00e1n\u00ed v chati\u010dk\u00e1ch Chati\u010dka pro 4 osoby na 1-2 noci 1 000 K\u010d\/noc&nbsp; Chati\u010dka pro 4 osoby na 3 a v\u00edce noc\u00ed 850 K\u010d\/noc Lo\u017en\u00ed pr\u00e1dlo (jednor\u00e1zov\u00fd poplatek) 100 K\u010d\/osobu Parkov\u00e1n\u00ed auta u chati\u010dky 50 K\u010d\/noc Poplatek z pobytu 17 K\u010d\/dosp\u011bl\u00fd\/noc P\u0159\u00edplatek &hellip; <a href=\"https:\/\/www.horkakemp.cz\/?page_id=52\" class=\"more-link\">Pokra\u010dov\u00e1n\u00ed textu <span class=\"screen-reader-text\">Cen\u00edk<\/span> <span class=\"meta-nav\">&rarr;<\/span><\/a><\/p>\n","protected":false},"author":1,"featured_media":0,"parent":0,"menu_order":0,"comment_status":"closed","ping_status":"closed","template":"","meta":{"footnotes":""},"class_list":["post-52","page","type-page","status-publish","hentry"],"_links":{"self":[{"href":"https:\/\/www.horkakemp.cz\/index.php?rest_route=\/wp\/v2\/pages\/52","targetHints":{"allow":["GET"]}}],"collection":[{"href":"https:\/\/www.horkakemp.cz\/index.php?rest_route=\/wp\/v2\/pages"}],"about":[{"href":"https:\/\/www.horkakemp.cz\/index.php?rest_route=\/wp\/v2\/types\/page"}],"author":[{"embeddable":true,"href":"https:\/\/www.horkakemp.cz\/index.php?rest_route=\/wp\/v2\/users\/1"}],"replies":[{"embeddable":true,"href":"https:\/\/www.horkakemp.cz\/index.php?rest_route=%2Fwp%2Fv2%2Fcomments&post=52"}],"version-history":[{"count":8,"href":"https:\/\/www.horkakemp.cz\/index.php?rest_route=\/wp\/v2\/pages\/52\/revisions"}],"predecessor-version":[{"id":256,"href":"https:\/\/www.horkakemp.cz\/index.php?rest_route=\/wp\/v2\/pages\/52\/revisions\/256"}],"wp:attachment":[{"href":"https:\/\/www.horkakemp.cz\/index.php?rest_route=%2Fwp%2Fv2%2Fmedia&parent=52"}],"curies":[{"name":"wp","href":"https:\/\/api.w.org\/{rel}","templated":true}]}}